n 62 is divided by h.
14
Suppose -9 + 15 = 2*q. Suppose -83 = -4*i - q*f, 3*i + f = i + 39. Calculate the remainder when 100 is divided by i.
15
Let l(v) be the first derivative of -v**4/4 + 3*v**3 + 4*v**2 + v - 4. Let q be l(9). Let s = 125 - q. What is the remainder when s is divided by 18?
16
Let k(t) = -t**2 - 7*t + 32. Let r be k(-10). Suppose r*v - 19 = 4*b - 5*b, -b + 4*v + 19 = 0. What is the remainder when b is divided by 4?
3
Suppose 38*z - 276 = 34*z. Calculate the remainder when z is divided by 18.
15
Suppose -69*b + 132 = -58*b. Let p(l) = l**3 + 10*l**2 - 15*l + 2. Let j be 1*(-9 - 6/3). Calculate the remainder when p(j) is divided by b.
10
Let n = 18 + -11. What is the remainder when (2/4)/((-2)/(-2 + -162)) is divided by n?
6
Suppose -4*g - 22 = -42, -c = -g - 330. What is the remainder when c is divided by 86?
77
Let g(h) = h**3 + 41*h**2 - 45*h + 15. Calculate the remainder when 282 is divided by g(-42).
0
Suppose p + t + 7 = 0, -3*p - 33 = 4*t - 9. Calculate the remainder when 141 is divided by (-1)/(p/(-4 - -196)).
45
Let h(l) = -7*l**2 - 12*l + 2. Let j(p) = 4*p**2 + 6*p - 1. Let a = 2 + -7. Let r(z) = a*j(z) - 3*h(z). Calculate the remainder when r(4) is divided by 20.
19
Let h be (14/6 - 2) + 4/(-12). Suppose 0 = 5*r + 4*g - 71, -5*g = -r - h*g - 9. Calculate the remainder when 52 is divided by r.
8
Let i(o) = 47 - o**3 - o**2 - 6*o**2 - 48 + 5*o. What is the remainder when i(-9) is divided by 39?
38
Let g = 21 + -17. Suppose 2*q + 5*q - 21 = 0. What is the remainder when g is divided by q?
1
Let g = -14 - -11. Let s = g - 0. Let b = s + 48. What is the remainder when b is divided by 24?
21
Calculate the remainder when (-1323)/(-36) - -1*1/4 is divided by 10.
7
Suppose 0 = -4*d - 3*i + 117 + 1430, 0 = -2*d - i + 771. What is the remainder when d is divided by 30?
23
Let j = -9 - -14. Suppose -j*z + 4 = -16. Suppose 7*p - 2*p = 70. What is the remainder when p is divided by z?
2
Suppose 14 = -4*h + 62. Calculate the remainder when 44 is divided by h.
8
Suppose -152 = -5*j + 443. Suppose -3*y - 5*d = -j, 5*d = -4*y + 2*y + 86. Suppose 5*i - 2*i = y. Calculate the remainder when 21 is divided by i.
10
Let h(i) = 4*i - 3*i + 80*i**2 - 2*i + 0*i. Suppose -100 = 3*j - 8*j. What is the remainder when h(1) is divided by j?
19
Suppose -i - 3*i = 5*t - 274, 4*i - 3*t - 258 = 0. Let x = -1004 + 1038. Calculate the remainder when i is divided by x.
32
Let a = 35 + -10. Let o be ((-4)/(-10))/(2/400). Suppose 5*p = 3*t - 2*t + 62, 5*p + 5*t = o. What is the remainder when a is divided by p?
12
Let s = -166 + 383. Let h = 362 - s. Calculate the remainder when h is divided by 21.
19
Suppose b - 12 = -3*b. Suppose i = -b*i + 12. What is the remainder when i is divided by (-5)/20*(-16)/2?
1
Let z = 77 + -44. Let k(i) = i**2 + 2*i + 2. Suppose -8*v = -4*v - 12. Calculate the remainder when z is divided by k(v).
16
Let k = -45 - -82. What is the remainder when k is divided by (-99 - -23)*(-1)/4?
18
Let l be -3 - (9 - -1)/2. Let j(f) = -12*f - 19. Suppose -3*g = 2*g + 15, 0 = -3*c - 5*g + 105. Calculate the remainder when j(l) is divided by c.
37
Let h = -24 - -24. Suppose l - 1 - 3 = h. What is the remainder when (3 - -36) + l + 0 is divided by 23?
20
Let s(t) = -t**3 - t + 1. Let l(h) = -h**3 - h - 25. Let p(x) = -l(x) + 3*s(x). Calculate the remainder when 110 is divided by p(0).
26
Let x = 45 - 44. What is the remainder when 15 is divided by ((-4)/12)/(x/(-12))?
3
Let r(w) = -w**3 - w**2 - w - 4. What is the remainder when r(-4) is divided by 738/30 + (-4)/10*-1?
23
Let y(b) = b**2 + 26*b + 287. What is the remainder when y(-28) is divided by 43?
42
Suppose 747 = 2290*k - 2289*k. Calculate the remainder when k is divided by 17.
16
Suppose 0 = -6*q + 14*q - 48. Suppose 2*h + 148 = q*h. Calculate the remainder when h is divided by 21.
16
Suppose -4*k + 138 = o, 4*o = -0*k + 2*k - 60. Let v(r) = 13*r + 11. Calculate the remainder when v(12) is divided by k.
31
Suppose 2*y + 3*n = 7*n - 90, -2*n = 4. Let f = y - -72. Suppose 0 = d + 4*c - 8, 2*d - 4*c + 15 = 31. What is the remainder when f is divided by d?
7
Let j(d) = -2*d**3 + 2*d**2 - 4*d - 18. Calculate the remainder when j(-3) is divided by 12.
6
Suppose -195*h = -178*h - 2363. What is the remainder when h is divided by 12?
7
Let l(h) be the third derivative of -h**6/120 + 2*h**5/15 + 11*h**4/24 - 11*h**3/6 - 18*h**2. Calculate the remainder when 19 is divided by l(9).
5
Let i = 1442 - 1401. What is the remainder when 858 is divided by i?
38
Calculate the remainder when 44 is divided by (2 - -3 - 3)*(-136)/(-16).
10
Suppose d - h = 7, 7 = 4*d + h + 2*h. What is the remainder when (-26)/d*(-56)/4 is divided by 70/(-30) + 300/9?
29
Let b(v) = -9*v - 94*v**2 + 6 - 9*v + 92*v**2. Suppose -2*k + 5 + 79 = 0. What is the remainder when k is divided by b(-8)?
20
Calculate the remainder when 5/((-50)/(-5))*(329 + -3) is divided by 33.
31
Let o(f) = f**3 - 6*f**2 - 11*f - 14. Let d be o(10). Let h(t) = -2*t**2 + 4. Calculate the remainder when d/(-6)*3/(-6) is divided by h(0).
3
Let o(d) = d**3 + 7*d**2 + 3*d - 6. Suppose 0 = -5*z + 9*z - 28. Suppose -4*q - 66 = -z*q. Calculate the remainder when q is divided by o(-6).
10
Let o = -7 - -15. Calculate the remainder when ((-10)/6 - -4)*6 is divided by o.
6
Let z(k) = -3*k + 4. Let d(i) = -7*i + 7. Let y(p) = 2*d(p) - 5*z(p). Let j(t) = 5*t**2 - 2*t + 1. What is the remainder when j(2) is divided by y(12)?
5
Let g = -53 + 52. What is the remainder when 43 is divided by (g + 5)*(7 + -3)?
11
Suppose 0 = -3*l + 4*l - 3. Suppose -5*j = -l*j + 84. Let h = -8 - j. What is the remainder when h is divided by 9?
7
Let h(c) = c**2 - 2*c - 16. Suppose -4*p + 16 = -0*p. Calculate the remainder when h(-4) is divided by p.
0
Let h = -8 + 24. Suppose 126 = 4*w - t, -5*t = 3*w + 4 - 87. What is the remainder when w is divided by h?
15
Let u = 26 + -24. Suppose 0 = -4*m - 2*x + 22, -6*m - u*x = -7*m + 3. What is the remainder when 53 is divided by m?
3
Let u = -5 - -36. Suppose 5*v - b = 18 + 11, -5*v = b - u. Suppose p - 1 = 3*l, -2*l = 3*p - 34 - 2. What is the remainder when p is divided by v?
4
Let p = 741 - 476. Suppose -5*w + 6 + 4 = 0. Suppose -w*s - 67 = -p. Calculate the remainder when s is divided by 25.
24
Suppose 871 = 3*f + 2*d, -d = -2*f + d + 574. Let c = f + -182. What is the remainder when c is divided by 27?
26
Let v be ((-2)/(-5))/((-2)/(-20)). Suppose 20 + 4 = v*p. Suppose 5*j - 102 = -22. What is the remainder when j is divided by p?
4
Calculate the remainder when (-20)/(50/10) + 47 is divided by 29.
14
Suppose 3*u - 4*u - 9 = 0. Let p = 82 + -56. Let v = u + p. Calculate the remainder when 32 is divided by v.
15
Let s(a) = a**2 - 8*a - 7. Let t(n) = n**2 + 2*n - 1. Let v be t(-4). Let u be s(v). Let i = u - -23. Calculate the remainder when 17 is divided by i.
8
Let w = -12 - -19. Suppose -w - 2 = -3*p. Suppose -p*t - 21 = -6*t. Calculate the remainder when 25 is divided by t.
4
Suppose -3*t = -600 - 444. Calculate the remainder when t is divided by 168.
12
Suppose -28*l - 4*z + 30 = -30*l, -3*l = 2*z + 45. Let v(h) = -3*h - 1. Let k be v(1). What is the remainder when l/20 - 107/k is divided by 14?
12
Suppose l = 31 + 93. Suppose -3*k + l = k. Calculate the remainder when 92 is divided by k.
30
Suppose 0 = 4*z + 2*j - 7 - 223, -171 = -3*z - 3*j. Suppose 2*m = 3*m + 5*p - 18, 3*m - 3 = 2*p. Calculate the remainder when z is divided by (1 - 6)*m*(-4)/4.
13
Suppose s + 9 = p, p - 14 = -p + 3*s. Let k = 13 + p. Suppose l - 3*l = -k. What is the remainder when l is divided by 7?
6
Let y = -281 + 289. What is the remainder when 124 is divided by y?
4
Let b = 220 - 194. Calculate the remainder when 89 is divided by b.
11
Let j = -5 - -7. Suppose 230 = 3*m + j*m. What is the remainder when m is divided by 13?
7
Let b(n) = n + 4. Let g be b(4). Suppose 2*f - 11 = -5*h + 2*h, -5*f = h - g. Calculate the remainder when 15 is divided by h.
0
Let d be -1*1*3/(-5 + 2). Suppose -2*r - 3*r + 10 = 0. Calculate the remainder when 62 is divided by d - r/((-6)/45).
14
Let h = 42 + -37. Suppose -q - 4*q - h*p + 600 = 0, 16 = 4*p. What is the remainder when q is divided by 13?
12
Let o = 162 - 113. Suppose 2*r - 16 = -5*s, 2*r - s = -5*s + 18. What is the rem